2, -5*i + 0 = -4*j - 3. Let s be 22 - (2 - 2) - j. Let g(y) = -y**3 + 25*y**2 - 23*y + 2. List the prime factors of g(s).
2, 13
Let l(v) = -23*v**2 - 5. Let c(g) = 23*g**2 + 4. Let k(r) = r**2 - 9*r + 5. Let n be k(9). Let s(x) = n*c(x) + 4*l(x). What are the prime factors of s(2)?
2, 23
Suppose -r = -4*w + 197, -r + 3*r - 4*w = -382. Let u = r + 305. List the prime factors of u.
2, 3, 5
Let d(n) = -105 + 2*n + 67 - n + n. Let z be d(19). Suppose z = 3*j - 110 - 166. What are the prime factors of j?
2, 23
Suppose -43*b = 8*b + b - 2838680. List the prime factors of b.
2, 5, 53, 103
Let q be (-2)/(-8) - (-43)/4. Let a be (44/q)/((-2)/(-19)). Let r = a + -6. List the prime factors of r.
2
Let a be 10/(20/(-4)) + 4. Suppose 33 = a*p - 23. Suppose p = k - 4*i, -2*k - i = 2*i - 56. What are the prime factors of k?
2, 7
List the prime factors of 36944 - (-56)/(-16)*(-1 + 2 - 3).
3, 109, 113
List the prime factors of (-567)/(-63) - ((-1)/(2/119592) - -3).
2, 3, 9967
Suppose 47*d - 48*d - 2*p + 9784 = 0, 5*d - 48975 = p. What are the prime factors of d?
2, 59, 83
Let y(i) = 3952*i**2 - 61*i + 337. What are the prime factors of y(4)?
5, 17, 149
Suppose -w = -2*x + 2*w - 110, 5*x - 4*w = -289. Suppose -4*c = 5*d - 2*d + 241, -3*d - 2*c = 233. Let z = x - d. List the prime factors of z.
2, 7
Let y(c) = 68*c**2 + 3*c + 2. Let w be y(-2). Let h(q) = 7*q + 52. Let j be h(-7). Suppose j*p + p - w = 0. What are the prime factors of p?
67
Let t be 4 + 4/(-8) + (-4)/(-8). Suppose t*f = 0, 5*m - m + f - 260 = 0. List the prime factors of m.
5, 13
Let n(p) = -p**3 + p - 1. Let d(w) = 5*w**3 - 4*w**2 - 16*w - 6. Let x(c) = d(c) + 3*n(c). List the prime factors of x(6).
3, 67
Suppose 0 = -5*j + 15, 0*p - 2814 = -3*p + 2*j. Suppose 0 = -7*i + 2*i + p. List the prime factors of i.
2, 47
Let u be 4/(-5) - (-2)/20*2228. Suppose -u = -4*d + 3*d + 5*s, -s = d - 210. What are the prime factors of d?
2, 53
Suppose -22 - 24 = -2*x. Let q be x/((-23)/65 - 6/(-39)). Let j = 169 + q. List the prime factors of j.
2, 3
List the prime factors of 2*(-16 + (8 - -5197)).
2, 5189
What are the prime factors of (-61166)/1028*6186/(-7)?
3, 17, 1031
Suppose 0 = 4*i - 6*i + 8. Let d be i/(-6) - (-45)/27. List the prime factors of (d - -1)/(10/35).
7
Suppose 5*g - 34935 = -4*h, -h + 3*g = -2*g - 8740. What are the prime factors of h?
5, 1747
Let r(s) = s**3 + 17*s**2 - 8*s - 34. Suppose -4*v = 5*y + 41 + 19, -20 = -4*v. Let z be r(y). Suppose -13*x + 3*x = -z. List the prime factors of x.
5, 7
Let w = -17404 - -39212. What are the prime factors of w?
2, 29, 47
Suppose -4*s + 4657 = -0*q + q, -s + 1180 = -5*q. Suppose -6*h + s = -1433. List the prime factors of h.
433
Let f be (902 - (-8)/2) + 3. Let z = f + -281. List the prime factors of z.
2, 157
What are the prime factors of 84/((-13 - (-29801)/2295)*10/(-8))?
2, 3, 7
Let o = 40 + -431. Let r = o - -1040. What are the prime factors of r?
11, 59
Suppose d - r = -2*r - 392, -2*d + r - 796 = 0. Let s = d + 747. What are the prime factors of s?
3, 13
Let s(p) = 25*p**3 - 35*p**2 + 58*p - 39. What are the prime factors of s(10)?
3, 31, 79
Suppose -5*b + 468 = u + 43, 3*u = b + 1195. Suppose 0 = 7*q + 150 - 199. Suppose -2*n - u = -q*n. What are the prime factors of n?
2, 5
Let b(t) = 40*t - 2. Let y be b(2). Let f be 1 + 30/(-26) - (-20214)/y. Let o = 484 - f. What are the prime factors of o?
3, 5
Let m be (-845 - 0)/(((-8)/(-1))/(-16)). Suppose -m = -23*s + 13*s. What are the prime factors of s?
13
Let c = -729 + 9571. List the prime factors of c.
2, 4421
Let k(z) = 21*z - 249. Let v be k(12). Suppose 0 = v*w - 5*s - 1019, 0 = -5*w - 5*s - 338 + 2063. List the prime factors of w.
7
Suppose -3255 = 23*x + 1023. Let w = 441 + x. What are the prime factors of w?
3, 5, 17
Let u(o) = -o**2 - 16*o + 5. Suppose 4*c + 24 = -2*n, 4*c - 4*n = 2*c - 2. List the prime factors of u(c).
2, 3, 5
Let q(z) = 2*z**2 + 3*z + 6. Let j be (0/(-1 + 3 + 0))/(-2). Let n be 3 + (3 - j - 0). What are the prime factors of q(n)?
2, 3
List the prime factors of -5 + 10 + -14 + 2326.
7, 331
Let n = 69 - 21. Let h = n - 52. List the prime factors of ((-110)/h)/(6/12).
5, 11
Let s(m) = 37 - 2 + 24 + 2*m. Let p(o) = 5*o**2 - 96*o + 19. Let q be p(19). What are the prime factors of s(q)?
59
Suppose 0 = -3*a - 2*p + 63411, -54601 = -5*a + p + 51084. List the prime factors of a.
23, 919
Suppose 4*l - 1047 = 497. Suppose 7*v = 3823 - l. What are the prime factors of v?
491
Let y = 107 - 99. Suppose v + 0*v = 0, -y = -4*t - 5*v. Suppose 412 = -t*j + 5*j + 4*m, 4*m + 404 = 3*j. List the prime factors of j.
2, 17
Suppose v + 44669 = 3*n, 3*n - 3*v - 36492 = 8163. List the prime factors of n.
2, 3, 17, 73
List the prime factors of (0 + -2)*2/(-4)*1059.
3, 353
Let n = -927 + 5186. List the prime factors of n.
4259
Let o be -6*(-5)/(-10) - -5. Let q(t) = -3*t**2 + 8*t - 7. Let f be q(o). List the prime factors of 1 + -1 + (-3 - f*71).
2, 3, 5, 7
Suppose 4*m - 6 = m. Suppose -2*j = m*y - 14, -5 + 15 = 2*y + 4*j. Suppose 0 = -y*n - 0*n + 1989. What are the prime factors of n?
13, 17
Let k(c) = c**2 + 5*c + 6. Suppose 0 = -x + 4*x - 3*a, 2*a + 21 = -5*x. Let g be k(x). What are the prime factors of (g + 1)*(0 + 26)?
2, 13
What are the prime factors of (-4)/(-20) + (8/(-80) - 209397/(-30))?
2, 5, 349
Let i be (-4 - -5)/(-3) - 44/(-6). Suppose 9*p - i*p - 12 = 0. Suppose -p*c = 2*c - 1640. List the prime factors of c.
5, 41
Let u be 9/(-6)*(-356)/3. Let b(z) = -z**3 + 44*z**2 - 41*z - 148. Let c be b(43). Let l = u + c. What are the prime factors of l?
2, 29
Let c(i) = i**3 + 6*i**2 - 9*i + 2. Let v be c(-7). Suppose -3*x - v = -2*a + 3*a, -5*x - 68 = 3*a. Let j = 29 - a. What are the prime factors of j?
2, 3, 5
Suppose 10 = -2*r + 7*r, -5*t - 2*r = -108264. List the prime factors of t.
2, 5413
Let x be 219/4 - (-1)/4. Let l = -57 + x. What are the prime factors of -2 - (-94 + l + 3)?
7, 13
Suppose -26*v + 186 = -20*v. Suppose -7*l - 3 = -v. Suppose 0 = -l*q + 350 + 506. List the prime factors of q.
2, 107
Let k(g) be the first derivative of g**4/4 + 10*g**3/3 + 11*g**2/2 + 11*g - 9. Let u = -7 - 1. List the prime factors of k(u).
3, 17
Let j(n) = 2*n + 18. Suppose -3*l - l = -2*h - 30, 2*l - 6 = 0. Let u be j(h). Suppose u = 5*s - 3*s - 192. List the prime factors of s.
2, 3
Let f be (-50546)/(-22) + 21/77*-2. Suppose -5*k + 6543 = -4*x, x - f = -3*k + 1639. What are the prime factors of k?
3, 19, 23
Let x = 123 - 120. Let u(d) = 76*d - 40. List the prime factors of u(x).
2, 47
Suppose 10*d - 4*y - 282210 = 0, -8*d = -5*d + 2*y - 84647. List the prime factors of d.
28219
Let c(t) = 6*t**2 + 7*t - 8. Let h be c(-10). Suppose h = o - z, 3*z = -5*o + 1105 + 1489. List the prime factors of o.
2, 5, 13
Suppose 0 = -9*i + 4*i. Suppose i = 7*k - 2*k + 6*k. Suppose -4*m + 182 = x, -x - 3*m = -k*m - 183. What are the prime factors of x?
2, 3, 31
Let y(h) = 4760*h + 732. List the prime factors of y(4).
2, 4943
Let o(y) = -3*y**3 - 4*y**2 - y - 5. Let m be o(-6). Suppose 5*q = -3*w - m, 0 = 2*q + w - 6*w + 171. Let k = q + 186. List the prime factors of k.
2, 11
Suppose -u - i + 7634 = -2455, 0 = 4*u + 3*i - 40354. What are the prime factors of u?
7, 11, 131
Suppose 0 = p + 3*i - 12845, -2*p = 93*i - 89*i - 25700. List the prime factors of p.
2, 5, 643
Suppose -w + 3*p + 144 = 2*w, 0 = 2*w - p - 92. What are the prime factors of (-21855)/(-35) - w/(-77)?
5
Let h(o) = -9*o + 3. Let y be h(-3). List the prime factors of ((-88)/y - -4)*-5*-36.
2, 3
Let v(a) = a**2 + 32*a + 46. Let k be v(-31). Suppose -2*q = -k*c + 10*c - 142, 130 = 2*q - 2*c. What are the prime factors of q?
61
Suppose -3*m - 4*w + 26 = -3*w, 0 = 2*m - 2*w - 12. Suppose 9*k = m*k - 26. Let d = k + 94. What are the prime factors of d?
2, 17
Suppose -1069*w = -786*w - 10085554. What are the prime factors of w?
2, 103, 173
What are the prime factors of ((-10486)/(-21) - (-10)/6)*(-1946)/(-42)?
139, 167
Suppose -376*t + 1954488 = -302*t. List the prime factors of t.
2, 3, 31, 71
Let j = -4813 + 5330. Let t be 2*-1*(-5)/2. Suppose 5*z - 2*h = 1215, t*z + 5*h + j = 1732. List the prime factors of z.
3
Let r = 58 + -106. Let f = r - -405. What are the prime factors of f?
3, 7, 17
Suppose -2 = 2*j + 8, -4*u + j = -25. Suppose 128 = -0*h